{"id":2,"date":"2021-08-24T12:48:18","date_gmt":"2021-08-24T10:48:18","guid":{"rendered":"http:\/\/3w.simplyservice.pl\/?page_id=2"},"modified":"2025-12-12T13:08:19","modified_gmt":"2025-12-12T12:08:19","slug":"przykladowa-strona","status":"publish","type":"page","link":"http:\/\/www.simplyservice.pl\/","title":{"rendered":"US\u0141UGI"},"content":{"rendered":"\n<h1 class=\"has-text-align-center\">OCHRONA OBIEKT\u00d3W<\/h1>\n\n\n\n<div class=\"wp-block-columns\">\n<div class=\"wp-block-column\">\n<p><strong>OBIEKTY BIUROWE:<\/strong><\/p>\n\n\n\n<ul><li>obs\u0142ga kamer CCTV<\/li><li>obs\u0142uga systemu BMS<\/li><li>obs\u0142uga komputera<\/li><li>wykonywanie posterunk\u00f3w obchodowych<\/li><li>mile widziana znajomo\u015b\u0107 j\u0119zyka angielskiego<\/li><\/ul>\n\n\n\n<p><strong>OBIEKTY HANDLOWE:<\/strong><\/p>\n\n\n\n<ul><li>wykonywanie posterunk\u00f3w obchodowych<\/li><li>obs\u0142uga monitoringu<\/li><\/ul>\n\n\n\n<p><strong>OBIEKTY LOGISTYCZNE:<\/strong><\/p>\n\n\n\n<ul><li>kontrola ruchu ko\u0142owego<\/li><li>kontrola ruchu pojazd\u00f3w<\/li><li>wykonywanie posterunk\u00f3w obchodowych<\/li><li>obs\u0142uga system\u00f3w komputerowych<\/li><\/ul>\n<\/div>\n\n\n\n<div class=\"wp-block-column\">\n<p><strong>BUDOWY:<\/strong><\/p>\n\n\n\n<ul><li>wykonywanie posterunk\u00f3w obchodowych<\/li><li>kontrola ruchu osobowego<\/li><li>kontrola ruchu ko\u0142owego<\/li><\/ul>\n\n\n\n<p><strong>OSIEDLA MIESZKANIOWE:<\/strong><\/p>\n\n\n\n<ul><li>wykonywanie posterunk\u00f3w obchodowych<\/li><li>obs\u0142uga szlabanu<\/li><li>obs\u0142uga monitoringu<\/li><\/ul>\n\n\n\n<p><strong>ZAK\u0141ADY PRODUKCYJNE:<\/strong><\/p>\n\n\n\n<ul><li>wykonywanie posterunk\u00f3w obchodowych<\/li><li>kontrola ruchu osobowego i ko\u0142owego<\/li><li>obs\u0142uga komputera<\/li><\/ul>\n\n\n\n<p><strong>OBS\u0141UGA RECEPCJI:<\/strong><\/p>\n\n\n\n<ul><li>bezpo\u015bredni kontakt z klientem<\/li><li>obs\u0142uga komputera<\/li><li>obs\u0142uga korespondencji<\/li><\/ul>\n<\/div>\n<\/div>\n\n\n\n<h1 class=\"has-text-align-center\">US\u0141UGI PORZ\u0104DKOWE<\/h1>\n\n\n\n<p>\u015awiadczymy us\u0142ugi porz\u0105dkowe na r\u00f3\u017cnego rodzaju obiektach: biurowcach, zak\u0142adach produkcyjnych itp.<br>Posiadamy nowoczesny sprz\u0119t i wykwalifikowan\u0105 za\u0142og\u0119. Sprz\u0105tamy zar\u00f3wno maszynowo jak i r\u0119cznie.<\/p>\n\n\n\n<div style=\"height:100px\" aria-hidden=\"true\" class=\"wp-block-spacer\"><\/div>\n\n\n\n<h1>KONTAKT<\/h1>\n\n\n\n<p>SIMPLY SERVICE SP. Z.O.O<\/p>\n\n\n\n<p>AL. SOLIDARNO\u015aCI 117<br>4 PI\u0118TRO, POK\u00d3J 412<br>00-140 WARSZAWA<br><\/p>\n","protected":false},"excerpt":{"rendered":"<p>OCHRONA OBIEKT\u00d3W OBIEKTY BIUROWE: obs\u0142ga kamer CCTV obs\u0142uga systemu BMS obs\u0142uga komputera wykonywanie posterunk\u00f3w obchodowych mile widziana znajomo\u015b\u0107 j\u0119zyka angielskiego OBIEKTY HANDLOWE: wykonywanie posterunk\u00f3w obchodowych obs\u0142uga monitoringu OBIEKTY LOGISTYCZNE: kontrola ruchu ko\u0142owego kontrola ruchu pojazd\u00f3w&hellip; <\/p>\n","protected":false},"author":1,"featured_media":0,"parent":0,"menu_order":0,"comment_status":"closed","ping_status":"open","template":"","meta":[],"_links":{"self":[{"href":"http:\/\/www.simplyservice.pl\/index.php\/wp-json\/wp\/v2\/pages\/2"}],"collection":[{"href":"http:\/\/www.simplyservice.pl\/index.php\/wp-json\/wp\/v2\/pages"}],"about":[{"href":"http:\/\/www.simplyservice.pl\/index.php\/wp-json\/wp\/v2\/types\/page"}],"author":[{"embeddable":true,"href":"http:\/\/www.simplyservice.pl\/index.php\/wp-json\/wp\/v2\/users\/1"}],"replies":[{"embeddable":true,"href":"http:\/\/www.simplyservice.pl\/index.php\/wp-json\/wp\/v2\/comments?post=2"}],"version-history":[{"count":9,"href":"http:\/\/www.simplyservice.pl\/index.php\/wp-json\/wp\/v2\/pages\/2\/revisions"}],"predecessor-version":[{"id":37,"href":"http:\/\/www.simplyservice.pl\/index.php\/wp-json\/wp\/v2\/pages\/2\/revisions\/37"}],"wp:attachment":[{"href":"http:\/\/www.simplyservice.pl\/index.php\/wp-json\/wp\/v2\/media?parent=2"}],"curies":[{"name":"wp","href":"https:\/\/api.w.org\/{rel}","templated":true}]}}